4 (base 12) to base 8
4
-114 (base 5) to base 6
-54
What is 3 (base 10) in base 16?
3
-221 (base 4) to base 6
-105
9 (base 16) to base 12
9
Convert -1 (base 2) to base 4.
-1
What is 62 (base 13) in base 10?
80
-4 (base 9) to base 14
-4
Convert 63 (base 16) to base 8.
143
-3 (base 8) to base 9
-3
What is 5 (base 8) in base 14?
5
2 (base 8) to base 7
2
What is -1110000 (base 2) in base 9?
-134
101 (base 2) to base 14
5
What is -223 (base 4) in base 15?
-2d
13 (base 4) to base 12
7
Convert -3 (base 12) to base 3.
-10
Convert -a (base 11) to base 7.
-13
Convert 1 (base 6) to base 9.
1
Convert -21 (base 6) to base 4.
-31
22 (base 14) to base 13
24
2 (base 15) to base 2
10
What is -4 (base 9) in base 14?
-4
What is -7 (base 16) in base 2?
-111
What is 5 (base 6) in base 10?
5
Convert 7 (base 16) to base 6.
11
Convert -1 (base 9) to base 5.
-1
5 (base 6) to base 15
5
Convert 0 (base 3) to base 8.
0
Convert 0 (base 7) to base 2.
0
What is 14 (base 5) in base 13?
9
12 (base 16) to base 14
14
What is -2 (base 7) in base 16?
-2
56 (base 7) to base 15
2b
-139 (base 13) to base 9
-261
What is -11 (base 3) in base 9?
-4
What is 52 (base 13) in base 5?
232
-3 (base 15) to base 13
-3
What is -232 (base 6) in base 3?
-10102
-4 (base 5) to base 3
-11
What is -1 (base 9) in base 11?
-1
Convert 0 (base 12) to base 6.
0
cb (base 16) to base 3
21112
1101 (base 3) to base 2
100101
Convert 30 (base 7) to base 3.
210
What is 0 (base 12) in base 14?
0
Convert 110 (base 2) to base 9.
6
What is 4 (base 16) in base 5?
4
Convert 203 (base 6) to base 14.
55
Convert 64 (base 12) to base 4.
1030
What is -14 (base 5) in base 15?
-9
What is 102 (base 6) in base 15?
28
-40 (base 8) to base 16
-20
2 (base 9) to base 11
2
-28 (base 9) to base 12
-22
Convert -1e (base 15) to base 10.
-29
Convert 0 (base 4) to base 16.
0
-1021 (base 3) to base 11
-31
Convert a (base 16) to base 5.
20
What is -116 (base 8) in base 16?
-4e
-14 (base 10) to base 16
-e
What is 637 (base 8) in base 13?
25c
177 (base 8) to base 10
127
What is 10 (base 2) in base 9?
2
Convert 40 (base 5) to base 15.
15
Convert -5 (base 8) to base 5.
-10
Convert -19 (base 12) to base 9.
-23
Convert -20 (base 6) to base 16.
-c
What is 266 (base 7) in base 4?
2102
What is 11 (base 2) in base 6?
3
What is 3 (base 4) in base 8?
3
42 (base 10) to base 6
110
Convert 1 (base 6) to base 2.
1
16 (base 11) to base 13
14
-522 (base 6) to base 9
-235
What is 6 (base 13) in base 6?
10
What is -2 (base 11) in base 14?
-2
-3 (base 16) to base 2
-11
Convert -1b (base 16) to base 7.
-36
-c (base 14) to base 6
-20
5 (base 15) to base 7
5
Convert 3 (base 6) to base 5.
3
Convert 2 (base 11) to base 12.
2
-313 (base 5) to base 9
-102
What is 5 (base 14) in base 9?
5
Convert 52 (base 8) to base 3.
1120
What is 7 (base 16) in base 8?
7
What is 13 (base 7) in base 9?
11
-b7 (base 13) to base 2
-10010110
What is -3 (base 14) in base 15?
-3
63 (base 8) to base 10
51
-13 (base 10) to base 3
-111
Convert 135 (base 11) to base 12.
113
-124 (base 6) to base 16
-34
Convert 200 (base 6) to base 9.
80
What is 1 (base 8) in base 10?
1
-9f (base 16) to base 2
-10011111
Convert -2 (base 4) to base 14.
-2
What is -a9 (base 13) in base 10?
-139
-5 (base 11) to base 16
-5
What is -100 (base 2) in base 10?
-4
-141 (base 5) to base 4
-232
What is 1 (base 12) in base 16?
1
What is -34 (base 9) in base 10?
-31
2c (base 16) to base 3
1122
Convert 4 (base 12) to base 8.
4
What is -5a (base 11) in base 14?
-49
Convert -4 (base 12) to base 4.
-10
What is 4 (base 10) in base 11?
4
What is 3 (base 10) in base 7?
3
-5 (base 9) to base 5
-10
What is -70 (base 9) in base 14?
-47
43 (base 9) to base 7
54
4 (base 12) to base 14
4
Convert -a (base 16) to base 6.
-14
What is -c (base 14) in base 8?
-14
What is -25 (base 11) in base 2?
-11011
Convert 10 (base 2) to base 11.
2
What is -5 (base 6) in base 5?
-10
What is 211 (base 13) in base 5?
2402
What is -1110 (base 2) in base 12?
-12
Convert -10 (base 14) to base 13.
-11
Convert -3 (base 8) to base 7.
-3
Convert -1 (base 14) to base 13.
-1
-53 (base 8) to base 5
-133
-10 (base 5) to base 10
-5
What is -27 (base 11) in base 16?
-1d
What is 2 (base 14) in base 7?
2
0 (base 13) to base 4
0
Convert 11 (base 4) to base 5.
10
Convert 3 (base 16) to base 15.
3
What is -8 (base 16) in base 2?
-1000
What is 100 (base 4) in base 6?
24
2 (base 10) to base 14
2
32 (base 7) to base 12
1b
-11110100 (base 2) to base 13
-15a
Convert -10 (base 3) to base 14.
-3
Convert -1 (base 16) to base 8.
-1
Convert 9 (base 16) to base 10.
9
-52 (base 9) to base 16
-2f
1 (base 15) to base 13
1
1 (base 15) to base 16
1
What is 0 (base 15) in base 12?
0
What is -15 (base 11) in base 15?
-11
Convert -7 (base 12) to base 6.
-11
What is -11 (base 11) in base 16?
-c
Convert 2413 (base 5) to base 3.
111021
What is -2 (base 11) in base 9?
-2
-3 (base 9) to base 6
-3
12 (base 11) to base 5
23
Convert 4 (base 7) to base 3.
11
Convert -21 (base 6) to base 11.
-12
What is -10 (base 11) in base 7?
-14
1 (base 5) to base 6
1
Convert -12010 (base 3) to base 12.
-b6
What is 144 (base 5) in base 14?
37
Convert 1 (base 5) to base 8.
1
-2 (base 10) to base 12
-2
Convert 1 (base 7) to base 11.
1
-220 (base 6) to base 8
-124
What is -4 (base 13) in base 9?
-4
Convert 3 (base 14) to base 9.
3
10 (base 3) to base 13
3
Convert 5 (base 12) to base 7.
5
42 (base 12) to base 15
35
7 (base 8) to base 10
7
Convert -b9 (base 15) to base 14.
-c6
Convert 6b (base 12) to base 10.
83
-26 (base 13) to base 14
-24
Convert 6 (base 15) to base 6.
10
Convert -110 (base 4) to base 2.
-10100
1b (base 12) to base 5
43
What is -3 (base 12) in base 10?
-3
Convert -1211 (base 4) to base 6.
-245
Convert -3 (base 4) to base 14.
-3
What is 220 (base 4) in base 9?
44
What is -11 (base 7) in base 3?
-22
-100 (base 3) to base 2
-1001
Convert 254 (base 6) to base 9.
127
Convert 4 (base 13) to base 7.
4
15a (base 13) to base 2
11110100
What is -8 (base 12) in base 13?
-8
151 (base 9) to base 11
106
-5 (base 6) to base 12
-5
Convert 76 (base 14) to base 4.
1220
What is -10 (base 5) in base 7?
-5
Convert 23 (base 11) to base 10.
25
Convert 10 (base 3) to base 4.
3
Convert 420 (base 7) to base 5.
1320
What is 221 (base 3) in base 10?
25
Convert -101 (base 5) to base 6.
-42
Convert 31 (base 5) to base 15.
11
Convert 4 (base 9) to base 16.
4
Convert -10 (base 14) to base 8.
-16
Convert -5 (base 9) to base 6.
-5
What is 10 (base 2) in base 3?
2
What is b (base 12) in base 2?
1011
-18 (base 15) to base 9
-25
7 (base 10) to base 15
7
What is 0 (base 2) in base 8?
0
10000 (base 2) to base 15
11
1c (base 14) to base 12
22
Convert 4 (base 10) to base 2.
100
-46 (base 12) to base 14
-3c
Convert -130 (base 7) to base 8.
-106
110 (base 2) to base 15
6
What is 10110 (base 2) in base 12?
1a
-30 (base 4) to base 16
-c
-3c (base 13) to base 11
-47
What is 1 (base 8) in base 4?
1
What is 2 (base 15) in base 12?
2
Convert 2202 (base 3) to base 10.
74
31 (base 14) to base 5
133
Convert 6 (base 8) to base 16.
6
-e8 (base 15) to base 7
-431
3 (base 11) to base 9
3
8 (base 12) to base 14
8
What is 1 (base 10) in base 7?
1
What is -12 (base 7) in base 12?
-9
63 (base 9) to base 14
41
Convert -22 (base 10) to base 5.
-42
What is -122 (base 6) in base 15?
-35
Convert -35 (base 15) to base 7.
-101
Convert -43 (base 8) to base 16.
-23
Convert 11 (base 5) to base 13.
6
What is -a (base 12) in base 8?
-12
43 (base 13) to base 12
47
Convert 53 (base 16) to base 10.
83
Convert 1020 (base 5) to base 14.
99
What is -4 (base 13) in base 12?
-4
Convert -6 (base 12) to base 14.
-6
What is -1101101 (base 2) in base 12?
-91
-2 (base 6) to base 16
-2
-6 (base 14) to base 11
-6
What is 2 (base 16) in base 10?
2
What is -1 (base 6) in base 16?
-1
What is -10c (base 16) in base 14?
-152
1 (base 7) to base 13
1
3 (base 4) to base 14
3
ab (base 12) to base 2
10000011
-a (base 13) to base 10
-10
21100 (base 3) to base 16
c6
What is 10 (base 8) in base 14?
8
-13 (base 4) to base 14
-7
4 (base 7) to base 10
4
Convert -9 (base 16) to base 13.
-9
Convert -151 (base 11) to base 9.
-216
-5 (base 8) to base 12
-5
Convert -12222 (base 3) to base 5.
-1121
What is 0 (base 11) in base 3?
0
Convert 110 (base 2) to base 10.
6
What is -3 (base 12) in base 14?
-3
W